{"id":307,"date":"2019-09-27T15:56:05","date_gmt":"2019-09-27T13:56:05","guid":{"rendered":"https:\/\/scoutsdechaineux.com\/?page_id=307"},"modified":"2019-09-27T15:59:50","modified_gmt":"2019-09-27T13:59:50","slug":"rgdp","status":"publish","type":"page","link":"https:\/\/scoutsdechaineux.com\/?page_id=307","title":{"rendered":"RGDP"},"content":{"rendered":"<p><!--StartFragment--><\/p>\n\n\n<p class=\"has-large-font-size\"> <strong>CHARTE DE PROTECTION DES DONN\u00c9ES PERSONNELLES<\/strong><\/p>\n\n\n\n<p> Les Scouts accordent une grande importance au respect de la vie priv\u00e9e. La protection de tes donn\u00e9es personnelles est primordiale \u00e0 nos yeux. C\u2019est pourquoi nous mettons \u00e0 ta disposition notre politique de protection des donn\u00e9es afin de t\u2019informer de la fa\u00e7on la plus claire possible sur la collecte, l\u2019utilisation, la confidentialit\u00e9 et la s\u00e9curit\u00e9 des donn\u00e9es personnelles que nous recueillons. La pr\u00e9sente politique s\u2019applique \u00e0 l\u2019ensemble des services propos\u00e9s par la f\u00e9d\u00e9ration et les unit\u00e9s. Cette politique est soumise \u00e0 la loi belge du 8 d\u00e9cembre 1992 relative \u00e0 la protection de la vie priv\u00e9e \u00e0 l\u2019\u00e9gard des traitements des donn\u00e9es \u00e0 caract\u00e8re personnel (DCP), ainsi qu\u2019au R\u00e8glement europ\u00e9en UE 2016\/679 relatif \u00e0 la protection des donn\u00e9es personnelles, entr\u00e9 en vigueur le 25 mai 2018.<\/p>\n\n\n\n<pre class=\"wp-block-preformatted\"><strong>D\u00e9finitions <\/strong><\/pre>\n\n\n\n<p><strong>Donn\u00e9es \u00e0 caract\u00e8re personnel<\/strong> (ci-apr\u00e8s \u00ab donn\u00e9es personnelles \u00bb) : information qui permet de te reconnaitre en tant que personne. Exemples : nom, pr\u00e9nom, date de naissance, num\u00e9ro de t\u00e9l\u00e9phone, email, adresse IP&#8230; <\/p>\n\n\n\n<p><strong>Traitement des donn\u00e9es \u00e0 caract\u00e8re personnel<\/strong> : op\u00e9ration ou ensemble d\u2019op\u00e9rations appliqu\u00e9es \u00e0 tes donn\u00e9es personnelles (collecte, utilisation, conservation, diffusion, etc.). <\/p>\n\n\n\n<p><strong>Responsable de traitement<\/strong> : d\u00e9signe la personne qui d\u00e9termine les finalit\u00e9s et les moyens du traitement des donn\u00e9es \u00e0 caract\u00e8re personnel.<\/p>\n\n\n\n<pre class=\"wp-block-preformatted\"><strong>Qui collecte et traite les donn\u00e9es personnelles ?<\/strong><\/pre>\n\n\n\n<p>Il s\u2019agit du responsable de traitement, \u00e0 savoir : Les Scouts ASBL (n\u00b0 d\u2019entreprise : BE0409580916), 21 rue de Dublin, 1050 Ixelles \u2013 lesscouts@lesscouts.be.<\/p>\n\n\n\n<pre class=\"wp-block-preformatted\"><strong>Comment les donn\u00e9es sont-elles collect\u00e9es ?<\/strong><\/pre>\n\n\n\n<p> Les donn\u00e9es personnelles dont nous disposons sont collect\u00e9es lors de ton inscription. En t\u2019inscrivant chez Les Scouts, tu donnes ton consentement explicite \u00e0 l\u2019ASBL Les Scouts pour qu\u2019elle traite tes donn\u00e9es personnelles conform\u00e9ment \u00e0 sa politique de protection des donn\u00e9es. Tu peux \u00e0 tout moment r\u00e9voquer ton consentement, sans justification. Tu ne seras alors plus membre des Scouts.<\/p>\n\n\n\n<pre class=\"wp-block-preformatted\"><strong>\u00c0 quelles fins les donn\u00e9es personnelles sont-elles collect\u00e9es ?<\/strong><\/pre>\n\n\n\n<p> Les Scouts, en tant que mouvement de jeunesse, collectent et traitent tes donn\u00e9es personnelles selon des finalit\u00e9s sp\u00e9cifiques pour assurer une communication optimale strictement limit\u00e9e aux relations avec ses membres, sous-traitants ou partenaires, et avec les autorit\u00e9s publiques (ONE, F\u00e9d\u00e9ration Wallonie-Bruxelles, communes, etc.) :<\/p>\n\n\n\n<ul class=\"wp-block-list\"><li>Gestion des membres ;<\/li><li>Gestion des camps en Belgique et \u00e0 l\u2019\u00e9tranger ;<\/li><li>Envoi des revues ;<\/li><li>Gestion des inscriptions \u00e0 nos newsletter ou mailing ;<\/li><li>Personnalisation du site et applications selon les affinit\u00e9s de l\u2019utilisateur (cookies, etc.) ;<\/li><li>R\u00e9alisation de statistiques ;<\/li><li>Traitement des demandes re\u00e7ues par mail,<\/li><li>Avantages commerciaux aupr\u00e8s de nos partenaires (Eurobussing, TEC, Europcar, etc.).<\/li><\/ul>\n\n\n\n<pre class=\"wp-block-preformatted\"><strong>Combien de temps les donn\u00e9es sont-elles conserv\u00e9es ?<\/strong><\/pre>\n\n\n\n<p> Les Scouts conservent tes donn\u00e9es personnelles pendant le temps raisonnablement n\u00e9cessaire aux finalit\u00e9s poursuivies, et en accord avec les exigences l\u00e9gales.<\/p>\n\n\n\n<p>Notre mouvement a plus de 100 ans et nous en sommes fiers. C\u2019est pourquoi, nos archives sont d\u00e9pos\u00e9es \u00e0 des fins patrimoniales aux Archives G\u00e9n\u00e9rales du Royaume, \u00e0 Bruxelles.<\/p>\n\n\n\n<pre class=\"wp-block-preformatted\"><strong>Gestion des cookies<\/strong><\/pre>\n\n\n\n<p>Les cookies permettent de simplifier l\u2019acc\u00e8s et la navigation sur le site web scoutsdechaineux.be. Ils accroissent la vitesse et l\u2019efficacit\u00e9 d\u2019utilisation du site. Ils peuvent aussi \u00eatre utilis\u00e9s pour individualiser le site selon tes pr\u00e9f\u00e9rences personnelles. Plus d\u2019infos sur scoutsdechaineux.be &gt; Mentions l\u00e9gales.<\/p>\n\n\n\n<pre class=\"wp-block-preformatted\"><strong>Comment la s\u00e9curit\u00e9 des donn\u00e9es est-elle assur\u00e9e ?<\/strong><\/pre>\n\n\n\n<ul class=\"wp-block-list\"><li>L\u2019acc\u00e8s \u00e0 la base de donn\u00e9es des membres de la f\u00e9d\u00e9ration (Desk) est prot\u00e9g\u00e9 par login et mot de passe personnel.<\/li><li>L\u2019acc\u00e8s \u00e0 Desk est strictement r\u00e9serv\u00e9 aux personnes habilit\u00e9es \u00e0 en prendre connaissance dans le cadre de leurs missions.<\/li><li>Conform\u00e9ment \u00e0 la l\u00e9gislation en vigueur, Les Scouts s\u2019assurent que ses sous-traitants s\u2019engagent \u00e0 respecter la s\u00e9curit\u00e9 et la confidentialit\u00e9 des donn\u00e9es qui pourraient leur \u00eatre transmises.<\/li><li>Tous les employ\u00e9s des Scouts sont sensibilis\u00e9s \u00e0 la protection des donn\u00e9es personnelles des membres au travers de formations.<\/li><\/ul>\n\n\n\n<pre class=\"wp-block-preformatted\"><strong>Quels sont tes droits et comment les exercer ?<\/strong><\/pre>\n\n\n\n<p>Tu conserves la maitrise de tes donn\u00e9es personnelles. Sur simple demande \u00e9crite accompagn\u00e9e d\u2019une copie d\u2019une pi\u00e8ce d\u2019identit\u00e9, par courrier (21 rue de Dublin, 1050 Ixelles) ou par email (lesscouts@lesscouts.be), tu peux demander :<\/p>\n\n\n\n<ul class=\"wp-block-list\"><li>Une rectification de tes donn\u00e9es ;<\/li><li>L\u2019effacement des donn\u00e9es ;<\/li><li>La limitation du traitement ;<\/li><li>A recevoir l\u2019enti\u00e8ret\u00e9 des donn\u00e9es te concernant (portabilit\u00e9 des donn\u00e9es) ;<\/li><li>De retirer ton consentement \u00e0 l\u2019utilisation de tes donn\u00e9es personnelles (dans ce cas, tu ne seras plus membre des Scouts).<\/li><\/ul>\n\n\n\n<pre class=\"wp-block-preformatted\"><strong>Mes donn\u00e9es peuvent-elles \u00eatre transf\u00e9r\u00e9es \u00e0 l\u2019\u00e9tranger ?<\/strong><\/pre>\n\n\n\n<p>Oui, si le pays vers lequel sont transf\u00e9r\u00e9es tes donn\u00e9es assure un niveau de protection ad\u00e9quat et tel que pr\u00e9vu dans le r\u00e8glement g\u00e9n\u00e9ral de la protection des donn\u00e9es. Par exemple, le service International pourra communiquer tes donn\u00e9es \u00e0 d\u2019autres associations scoutes reconnues par l\u2019Organisation Mondiale du Mouvement Scout dans le cadre des camps \u00e0 l\u2019\u00e9tranger ou du programme Erasmus scout.<\/p>\n\n\n\n<pre class=\"wp-block-preformatted\"><strong>Vais-je recevoir de la pub ?<\/strong><\/pre>\n\n\n\n<p>Non, Les Scouts n\u2019utilisent pas tes donn\u00e9es personnelles pour des publicit\u00e9s commerciales mais pour t\u2019informer d\u2019avantages, pour demander ton soutien ou ta participation \u00e0 des \u00e9v\u00e8nements scouts.<\/p>\n\n\n\n<p><strong><em>\u00c0 l\u2019exception de nouvelles dispositions l\u00e9gales et obligatoires, nous n\u2019apporterons aucune modification qui soit de nature \u00e0 r\u00e9duire le niveau de protection de tes droits, tels que garantis par le pr\u00e9sent document. <\/em><\/strong><\/p>\n\n\n<p><!--EndFragment--><\/p>","protected":false},"excerpt":{"rendered":"<p>CHARTE DE PROTECTION DES DONN\u00c9ES PERSONNELLES Les Scouts accordent une grande importance au respect de la vie priv\u00e9e. La protection de tes donn\u00e9es personnelles est primordiale \u00e0 nos yeux. C\u2019est pourquoi nous mettons \u00e0 ta disposition notre politique de protection des donn\u00e9es afin de t\u2019informer de la fa\u00e7on la plus claire possible sur la collecte, &#8230; <a title=\"RGDP\" class=\"read-more\" href=\"https:\/\/scoutsdechaineux.com\/?page_id=307\" aria-label=\"More on RGDP\">Lire la suite<\/a><\/p>\n","protected":false},"author":1,"featured_media":0,"parent":0,"menu_order":0,"comment_status":"closed","ping_status":"closed","template":"","meta":{"_monsterinsights_skip_tracking":false,"_monsterinsights_sitenote_active":false,"_monsterinsights_sitenote_note":"","_monsterinsights_sitenote_category":0,"footnotes":""},"simple-restrict-permission":[],"class_list":["post-307","page","type-page","status-publish"],"_links":{"self":[{"href":"https:\/\/scoutsdechaineux.com\/index.php?rest_route=\/wp\/v2\/pages\/307","targetHints":{"allow":["GET"]}}],"collection":[{"href":"https:\/\/scoutsdechaineux.com\/index.php?rest_route=\/wp\/v2\/pages"}],"about":[{"href":"https:\/\/scoutsdechaineux.com\/index.php?rest_route=\/wp\/v2\/types\/page"}],"author":[{"embeddable":true,"href":"https:\/\/scoutsdechaineux.com\/index.php?rest_route=\/wp\/v2\/users\/1"}],"replies":[{"embeddable":true,"href":"https:\/\/scoutsdechaineux.com\/index.php?rest_route=%2Fwp%2Fv2%2Fcomments&post=307"}],"version-history":[{"count":2,"href":"https:\/\/scoutsdechaineux.com\/index.php?rest_route=\/wp\/v2\/pages\/307\/revisions"}],"predecessor-version":[{"id":310,"href":"https:\/\/scoutsdechaineux.com\/index.php?rest_route=\/wp\/v2\/pages\/307\/revisions\/310"}],"wp:attachment":[{"href":"https:\/\/scoutsdechaineux.com\/index.php?rest_route=%2Fwp%2Fv2%2Fmedia&parent=307"}],"wp:term":[{"taxonomy":"simple-restrict-permission","embeddable":true,"href":"https:\/\/scoutsdechaineux.com\/index.php?rest_route=%2Fwp%2Fv2%2Fsimple-restrict-permission&post=307"}],"curies":[{"name":"wp","href":"https:\/\/api.w.org\/{rel}","templated":true}]}}