{"id":210,"date":"2019-08-21T17:48:48","date_gmt":"2019-08-21T15:48:48","guid":{"rendered":"https:\/\/scoutsdechaineux.com\/?page_id=210"},"modified":"2024-09-25T17:35:17","modified_gmt":"2024-09-25T15:35:17","slug":"formations-pionniers","status":"publish","type":"page","link":"https:\/\/scoutsdechaineux.com\/?page_id=210","title":{"rendered":"Activit\u00e9s &#8211; Formations &#8211; Pionniers"},"content":{"rendered":"\n<p> <strong>Activit\u00e9s avec le poste en entier (animateurs &amp; anim\u00e9s)<\/strong><\/p>\n\n\n\n<p> <em>Allez voir sur les liens pour toutes les modalit\u00e9s (inscription, &#8230;) <\/em><\/p>\n\n\n\n<p class=\"has-medium-font-size\"><strong>International day<\/strong>&nbsp; &#8211; 12 octobre 2024 &#8211; Courri\u00e8re<\/p>\n\n\n\n<p>Venez faire le plein d&rsquo;id\u00e9es pour vos projets d&rsquo;ann\u00e9e et de camp ! Cet \u00e9v\u00e8nement est \u00e0 destination des postes et des routiers. Les inscriptions ouvrent le 5 septembre 2024.\u00a0<\/p>\n\n\n\n<pre class=\"wp-block-preformatted\">https:\/\/lesscouts.be\/fr\/site-animateurs\/les-branches\/pionniers\/international-day<\/pre>\n\n\n\n<p class=\"has-medium-font-size\"><strong> Xpirience<\/strong> &#8211; 25-26-27 avril 2025<\/p>\n\n\n\n<p>Xpirience, c&rsquo;est un grand \u00e9v\u00e8nement scout qui rassemble chaque ann\u00e9e&nbsp;<strong>plus de&nbsp;1000 pionniers<\/strong>, venus de plus de&nbsp;<strong>80 postes<\/strong>.<\/p>\n\n\n\n<p>Les pionniers, rassembl\u00e9s en&nbsp;cord\u00e9es, \u00e9voluent sur un \u00e9norme&nbsp;<strong>terrain de jeu en pleine nature<\/strong>.<\/p>\n\n\n\n<pre class=\"wp-block-preformatted\"><a href=\"https:\/\/lesscouts.be\/fr\/site-animateurs\/les-branches\/pionniers\/xpirience\">https:\/\/lesscouts.be\/fr\/site-animateurs\/les-branches\/pionniers\/xpirience<\/a><\/pre>\n\n\n\n<p class=\"has-medium-font-size\"><strong>Activit\u00e9s en individuel pour les Pionniers<\/strong><br><br><strong>Les Be-A-Pi<\/strong>&nbsp; &nbsp;&#8211;&nbsp;15-16-17 novembre 2024 \u00e0 Carlsbourg<\/p>\n\n\n\n<p>Un weekend de rencontres avec des pionniers autour de l&rsquo;engagement dans la soci\u00e9t\u00e9.<\/p>\n\n\n\n<pre class=\"wp-block-preformatted\">https:\/\/lesscouts.be\/fr\/site-animateurs\/les-branches\/pionniers\/be-a-pi<\/pre>\n\n\n\n<p class=\"has-medium-font-size\"><strong>Pi-Days<\/strong><\/p>\n\n\n\n<p>Le Pi-days s\u2019adresse aux pionniers de derni\u00e8re ann\u00e9e, tandis que le T1 s\u2019adresse aux animateurs d\u00e9j\u00e0 en fonction. En-dehors de cette diff\u00e9rence de public, le programme est le m\u00eame : il met l\u2019accent sur les valeurs. <\/p>\n\n\n\n<p>Le calendrier est \u00e0 consulter sur le site:<\/p>\n\n\n\n<pre class=\"wp-block-preformatted\"><a href=\"https:\/\/lesscouts.be\/fr\/agenda?search=Pi-days&amp;category=&amp;subcategory=&amp;monthYear=\">https:\/\/lesscouts.be\/fr\/agenda?search=Pi-days&amp;category=&amp;subcategory=&amp;monthYear=<\/a><\/pre>\n\n\n\n<p><\/p>\n","protected":false},"excerpt":{"rendered":"<p>Activit\u00e9s avec le poste en entier (animateurs &amp; anim\u00e9s) Allez voir sur les liens pour toutes les modalit\u00e9s (inscription, &#8230;) International day&nbsp; &#8211; 12 octobre 2024 &#8211; Courri\u00e8re Venez faire le plein d&rsquo;id\u00e9es pour vos projets d&rsquo;ann\u00e9e et de camp ! Cet \u00e9v\u00e8nement est \u00e0 destination des postes et des routiers. Les inscriptions ouvrent le &#8230; <a title=\"Activit\u00e9s &#8211; Formations &#8211; Pionniers\" class=\"read-more\" href=\"https:\/\/scoutsdechaineux.com\/?page_id=210\" aria-label=\"More on Activit\u00e9s &#8211; Formations &#8211; Pionniers\">Lire la suite<\/a><\/p>\n","protected":false},"author":1,"featured_media":0,"parent":0,"menu_order":0,"comment_status":"closed","ping_status":"closed","template":"","meta":{"_monsterinsights_skip_tracking":false,"_monsterinsights_sitenote_active":false,"_monsterinsights_sitenote_note":"","_monsterinsights_sitenote_category":0,"footnotes":""},"simple-restrict-permission":[],"class_list":["post-210","page","type-page","status-publish"],"_links":{"self":[{"href":"https:\/\/scoutsdechaineux.com\/index.php?rest_route=\/wp\/v2\/pages\/210","targetHints":{"allow":["GET"]}}],"collection":[{"href":"https:\/\/scoutsdechaineux.com\/index.php?rest_route=\/wp\/v2\/pages"}],"about":[{"href":"https:\/\/scoutsdechaineux.com\/index.php?rest_route=\/wp\/v2\/types\/page"}],"author":[{"embeddable":true,"href":"https:\/\/scoutsdechaineux.com\/index.php?rest_route=\/wp\/v2\/users\/1"}],"replies":[{"embeddable":true,"href":"https:\/\/scoutsdechaineux.com\/index.php?rest_route=%2Fwp%2Fv2%2Fcomments&post=210"}],"version-history":[{"count":15,"href":"https:\/\/scoutsdechaineux.com\/index.php?rest_route=\/wp\/v2\/pages\/210\/revisions"}],"predecessor-version":[{"id":1617,"href":"https:\/\/scoutsdechaineux.com\/index.php?rest_route=\/wp\/v2\/pages\/210\/revisions\/1617"}],"wp:attachment":[{"href":"https:\/\/scoutsdechaineux.com\/index.php?rest_route=%2Fwp%2Fv2%2Fmedia&parent=210"}],"wp:term":[{"taxonomy":"simple-restrict-permission","embeddable":true,"href":"https:\/\/scoutsdechaineux.com\/index.php?rest_route=%2Fwp%2Fv2%2Fsimple-restrict-permission&post=210"}],"curies":[{"name":"wp","href":"https:\/\/api.w.org\/{rel}","templated":true}]}}